z) = 3*z**2 - 33*z - 5. Give y(-5).
235
Let a(d) = 83*d**2 - 354*d + 34. Give a(4).
-54
Let m(q) = 55*q**3 + 2*q**2 + 13*q + 13. Determine m(0).
13
Let v(g) = -g**3 - 28*g**2 - 145*g + 65. What is v(-21)?
23
Let n(m) = -m**3 - 3*m**2 - 15*m - 41. Determine n(-3).
4
Let m(z) = -2*z**3 - 18*z**2 - 8*z - 964. Determine m(-12).
-4
Let p(n) = -274*n - 4424. Calculate p(-16).
-40
Let b(k) = k**2 + 23*k + 48. What is b(-13)?
-82
Let h(i) = i**2 - 53*i + 521. Calculate h(14).
-25
Let m(r) = -207*r - 1665. What is m(-8)?
-9
Let j(h) = -2*h**3 + 28*h**2 + 89*h - 48. What is j(-3)?
-9
Let p(d) = d**3 + 23*d**2 + 49*d + 2. Determine p(-6).
320
Let b(n) = 19*n**2 + 50*n + 15. Give b(-6).
399
Let b(z) = 384*z + 13420. Calculate b(-35).
-20
Let b(y) = 19*y**2 - 144*y + 29. What is b(7)?
-48
Let m(i) = -586*i + 6957. What is m(12)?
-75
Let d(z) = -z**3 - 47*z**2 + 15*z - 1626. Calculate d(-48).
-42
Let l(v) = -199*v + 802. Determine l(4).
6
Let p(w) = -23*w - 281. Give p(-12).
-5
Let n(i) = -5*i**2 + 22*i + 27. Determine n(5).
12
Let t(z) = -70*z - 4. Determine t(-1).
66
Let h(m) = -5*m**2 - 77*m + 1453. Calculate h(11).
1
Let a(f) = 2924*f + 23399. Determine a(-8).
7
Let m(i) = -2*i**3 + 78*i**2 - 72*i + 2808. What is m(39)?
0
Let f(u) = -8*u**3 - 71*u**2 + 6*u - 28. What is f(-9)?
-1
Let r(b) = b**3 + 103*b**2 + 925*b - 432. What is r(-93)?
33
Let a(c) = -c**2 + 455*c - 10748. What is a(25)?
2
Let h(g) = 3*g**2 - 28*g + 58. Calculate h(5).
-7
Let l(p) = p**2 + 108*p + 1480. Give l(-92).
8
Let s(w) = -w**3 - 18*w**2 + 51*w - 816. What is s(-22)?
-2
Let q(d) = -10*d + 202. What is q(23)?
-28
Let l(p) = 5*p**2 - 4. Give l(3).
41
Let t(l) = -10*l - 90. Calculate t(-6).
-30
Let t(p) = 540*p - 4895. Calculate t(9).
-35
Let u(z) = -4*z**2 - 133*z - 159. Give u(-32).
1
Let g(m) = m**2 - 224*m - 2313. What is g(-10)?
27
Let i(y) = y**3 - 15*y**2 - 7*y + 395. Determine i(13).
-34
Let t(f) = 2*f**3 + 6*f**2 - 14*f - 10. Calculate t(-5).
-40
Let a(p) = p**3 + 6*p**2 - 60*p - 201. What is a(-10)?
-1
Let p(z) = 6*z**2 - 837*z - 426. Give p(140).
-6
Let s(y) = -164*y - 6139. What is s(-37)?
-71
Let f(i) = -2*i**3 - 11*i**2 + 104*i - 9. Determine f(6).
-213
Let g(i) = 2487*i + 7461. Calculate g(-3).
0
Let m(p) = -16*p - 29. Calculate m(-5).
51
Let v(a) = 34*a**3 + 343*a**2 + 32*a + 22. Calculate v(-10).
2
Let x(s) = 1833*s - 31168. Determine x(17).
-7
Let i(m) = 5*m**2 + 26*m + 65. Determine i(-3).
32
Let r(j) = j**2 + 1410*j - 5643. Calculate r(4).
13
Let p(z) = z**3 + 27*z**2 + 168*z + 62. What is p(-18)?
-46
Let h(g) = -g**3 - 48*g**2 - 41*g + 302. What is h(-47)?
20
Let s(d) = -d**2 + 48*d - 452. What is s(31)?
75
Let x(t) = 3*t**3 - 406*t**2 + 139*t - 542. Determine x(135).
-2
Let s(q) = q**2 - 59*q + 412. Determine s(51).
4
Let z(o) = -2*o**2 + 58*o + 453. Give z(35).
33
Let l(h) = -4*h**2 - 30*h + 33. Determine l(-7).
47
Let u(v) = 436*v - 45776. Determine u(105).
4
Let f(x) = 6*x**2 - 73*x + 104. What is f(11)?
27
Let w(y) = 83*y + 1306. Determine w(-15).
61
Let g(t) = -3*t**3 - 9*t**2 - 2*t - 53. Determine g(-7).
549
Let y(m) = -m**2 - 588*m + 46063. What is y(70)?
3
Let u(j) = 2*j**3 - 194*j**2 + 190*j + 149. What is u(96)?
-43
Let m(h) = -5*h + 279. What is m(46)?
49
Let y(m) = -m**3 - 92*m**2 + 92*m - 159. What is y(-93)?
-66
Let c(w) = w**3 - 44*w**2 - 7*w + 322. Give c(44).
14
Let i(s) = -s**3 + 212*s**2 + 1077*s + 1740. What is i(217)?
4
Let s(g) = -2*g**2 + 1142*g + 3439. Determine s(-3).
-5
Let v(t) = 742*t + 5238. What is v(-7)?
44
Let o(z) = z**3 + 12*z**2 + 13*z + 7. Calculate o(-12).
-149
Let q(j) = j**3 - 17*j**2 - 73*j - 70. Calculate q(-2).
0
Let k(z) = 333*z + 2719. Calculate k(-8).
55
Let h(r) = -3*r**2 - 7*r + 72. Determine h(11).
-368
Let d(o) = -o**2 - 48*o - 122. Calculate d(-3).
13
Let q(i) = 72*i - 1801. Calculate q(25).
-1
Let v(s) = 262*s + 1875. Give v(-7).
41
Let q(i) = -i**2 - 14*i + 43. What is q(-19)?
-52
Let i(j) = -355*j**2 - 19882*j - 102. What is i(-56)?
10
Let a(w) = 60*w - 727. What is a(19)?
413
Let n(w) = 1477*w + 7366. What is n(-5)?
-19
Let w(j) = 3*j**2 - 2005*j + 10011. Give w(5).
61
Let p(w) = 1718*w + 6. Give p(0).
6
Let z(q) = -q**3 - 106*q**2 + 2*q + 216. What is z(-106)?
4
Let q(y) = -3*y**2 + 63*y - 60. What is q(21)?
-60
Let k(i) = 195*i - 19. Give k(0).
-19
Let j(h) = 14996*h - 44986. What is j(3)?
2
Let r(a) = 5*a**2 + 13*a + 1. Determine r(-2).
-5
Let b(w) = 776*w - 4664. Give b(6).
-8
Let y(f) = 183*f + 733. Give y(-4).
1
Let k(p) = -2*p**2 + 9*p + 77. Determine k(14).
-189
Let u(v) = 7*v - 347. Give u(33).
-116
Let j(v) = 3472*v + 17360. Determine j(-5).
0
Let a(s) = 5*s**2 - 94*s + 390. What is a(10)?
-50
Let r(n) = -125*n**2 - 398*n - 59. What is r(-3)?
10
Let j(f) = 2*f**2 + 82*f - 62. Calculate j(-40).
-142
Let t(m) = -380*m - 26224. Determine t(-69).
-4
Let v(k) = k**2 - 117*k + 330. Give v(3).
-12
Let u(w) = -7374*w + 7367. Give u(1).
-7
Let t(l) = 16*l**2 + 20*l + 51. What is t(-6)?
507
Let h(w) = w**3 + 18*w**2 + 9*w + 223. Give h(-18).
61
Let h(d) = 36*d**3 - 2*d**2 - d + 3. Give h(1).
36
Let y(f) = -3*f**2 + 100*f + 249. Calculate y(35).
74
Let a(x) = 3*x**3 + 11*x**2 + 3*x + 29. Give a(-4).
1
Let c(y) = -2*y**2 - 443*y + 3676. Determine c(8).
4
Let b(j) = j**3 - 30*j**2 - 87*j + 2616. What is b(30)?
6
Let x(l) = -l**2 - 178*l - 1205. What is x(-7)?
-8
Let v(s) = s**2 + 66*s + 661. Determine v(-54).
13
Let t(y) = 2*y**2 + 202*y + 275. Calculate t(-99).
-121
Let v(x) = 3*x**2 + 89*x + 546. Calculate v(-21).
0
Let n(l) = -l**3 - 152*l**2 + 939*l - 1415. What is n(-158)?
7
Let j(p) = 18*p - 21. What is j(2)?
15
Let q(h) = 2*h**2 - 561. Determine q(17).
17
Let g(i) = -2*i**3 - 12*i**2 + 106*i - 36. Calculate g(-11).
8
Let t(x) = x**2 + 303*x - 4443. Give t(14).
-5
Let k(o) = -o**3 + 29*o**2 - 40*o + 754. Determine k(28).
418
Let x(j) = -14*j**2 + 1286*j - 1089. Determine x(91).
3
Let i(o) = o**3 - 68*o**2 - 161*o + 6354. Determine i(69).
6
Let p(y) = y**2 - 477*y - 14681. What is p(-29)?
-7
Let g(l) = 5145*l + 56608. Calculate g(-11).
13
Let x(d) = -92*d + 531. Give x(7).
-113
Let z(o) = -53*o + 1164. Determine z(20).
104
Let i(u) = -11*u**3 - u**2 + 7*u + 9. Give i(3).
-276
Let p(x) = -3*x**2 - 129*x - 230. What is p(-41)?
16
Let t(w) = -w**2 - 322*w - 5472. Calculate t(-18).
0
Let j(l) = -860*l + 235656. Determine j(274).
16
Let u(l) = 3*l**3 - 29*l**2 + 11*l - 581. Determine u(11).
24
Let n(t) = 155*t - 14. Calculate n(0).
-14
Let r(f) = -29*f - 639. Determine r(-17).
-146
Let k(n) = -3*n - 34. Give k(-13).
5
Let z(w) = 398*w - 4005. Determine z(10).
-25
Let h(k) = -k**2 - 439*k - 2168. What is h(-5)?
2
Let b(z) = 9*z**2 + 62*z + 97. Give b(-4).
-7
Let m(x) = x**3 + 12*x**2 - 2*x - 36. Give m(-12).
-12
Let f(d) = d**2 - 130*d + 257. Calculate f(2).
1
Let q(o) = -3*o**2 - 146*o - 502. Determine q(-45).
-7
Let q(a) = 9*a**2 - 46*a + 132. What is q(3)?
75
Let r(k) = 38*k - 774. Give r(22).
62
Let q(m) = -4*m**2 + 58*m + 1349. Give q(27).
-1
Let u(o) = 2*o**2 - 284*o - 568. Determine u(-2).
8
Let a(z) = 16*z + 137. What is a(-13)?
-71
Let s(l) = -357*l - 5344. Determine s(-15).
11
Let v(j) = j**2 - 406*j - 11243. Give v(-26).
-11
Let g(d) = 16*d**3 - 7*d**2 - 22*d - 16. Calculate g(-1).
-17
Let c(l) = 105*l - 1150. Determine c(11).
5
Let m(c) = 6*c + 108. What is m(10)?
168
Let l(x) = x**2 - 14*x - 66. Determine l(18).
6
Let p(c) = -3*c**3 - 170*c**2 + 58*c + 52. Calculate p(-57).
-5
Let o(i) = -2*i**2 - 61*i + 42. Calculate o(-32).
-54
Let m(j) = -61*j + 637. Determine m(8).
149
Let z(p) = -p**3 - 9*p**2 + 60*p + 359. Calculate z(-9).
-181
Let t(y) = -3*y**2 + 27*y + 76. Calculate t(11).
10
Let p(j) = -2*j**2 - 13*j + 191. Determine p(9).
-88
Let f(y) = 138*y + 234. Determine f(-3).
-180
Let h(w) = -2*w**3 - 33*w**2 - 129*w + 19. Calculate h(-10).
9
Let m(n) = 96*n - 1345. What is m(14)?
-1
Let h(q) = 3*q**2 - 4*q - 5. What is h(2)?
-1
Let w(s) = -7*s**2 - 55*s - 61. Determine w(-6).
17
Let n(f) = -141*f - 833. What is n(-6)?
13
Let y(l) = l**2 + 24*l - 155. Determine y(6).
25
Let w(a) = -109*a + 756. What is w(7)?
-7
Let g(f) = f**3 + 16*f**2 + 24*f - 114. Determine g(-14).
-58
Let l(c) = -c**3 - 55*c**2 + 50*c - 182. What is l(-56)?
154
Let p(d) = -55*d - 32. Calculate p(-1).
23
Let u(z) = -863*z +